ns digit of 1202?
0
What is the thousands digit of 2740?
2
What is the thousands digit of 2232?
2
What is the tens digit of 39005?
0
What is the ten thousands digit of 70106?
7
What is the units digit of 4050?
0
What is the units digit of 61?
1
What is the tens digit of 2788?
8
What is the thousands digit of 1660?
1
What is the hundreds digit of 16569?
5
What is the hundreds digit of 988?
9
What is the hundreds digit of 673?
6
What is the units digit of 1213?
3
What is the units digit of 1057?
7
What is the units digit of 9340?
0
What is the tens digit of 4361?
6
What is the hundreds digit of 4335?
3
What is the thousands digit of 6365?
6
What is the ten thousands digit of 41651?
4
What is the units digit of 1756?
6
What is the hundreds digit of 2839?
8
What is the hundreds digit of 1023?
0
What is the units digit of 1038?
8
What is the thousands digit of 9188?
9
What is the ten thousands digit of 85421?
8
What is the thousands digit of 2518?
2
What is the hundreds digit of 257?
2
What is the tens digit of 11572?
7
What is the tens digit of 733?
3
What is the thousands digit of 23974?
3
What is the thousands digit of 1664?
1
What is the ten thousands digit of 13034?
1
What is the tens digit of 1398?
9
What is the hundreds digit of 441?
4
What is the hundreds digit of 1592?
5
What is the hundreds digit of 970?
9
What is the tens digit of 3421?
2
What is the thousands digit of 52260?
2
What is the units digit of 2370?
0
What is the tens digit of 4004?
0
What is the thousands digit of 5661?
5
What is the hundreds digit of 9643?
6
What is the tens digit of 3889?
8
What is the tens digit of 78?
7
What is the thousands digit of 105074?
5
What is the hundreds digit of 69430?
4
What is the thousands digit of 16189?
6
What is the hundreds digit of 300?
3
What is the thousands digit of 6965?
6
What is the thousands digit of 16846?
6
What is the tens digit of 2476?
7
What is the thousands digit of 4528?
4
What is the thousands digit of 3458?
3
What is the tens digit of 1482?
8
What is the tens digit of 1005?
0
What is the tens digit of 19273?
7
What is the units digit of 49920?
0
What is the thousands digit of 8306?
8
What is the tens digit of 33535?
3
What is the units digit of 4169?
9
What is the tens digit of 5352?
5
What is the units digit of 2566?
6
What is the hundreds digit of 3337?
3
What is the units digit of 18943?
3
What is the thousands digit of 13281?
3
What is the thousands digit of 3542?
3
What is the thousands digit of 3110?
3
What is the tens digit of 6740?
4
What is the ten thousands digit of 167265?
6
What is the hundreds digit of 23718?
7
What is the units digit of 5367?
7
What is the ten thousands digit of 23223?
2
What is the hundreds digit of 546?
5
What is the thousands digit of 1019?
1
What is the units digit of 63498?
8
What is the tens digit of 26190?
9
What is the hundreds digit of 733?
7
What is the units digit of 380?
0
What is the hundreds digit of 6453?
4
What is the hundreds digit of 2429?
4
What is the hundreds digit of 761?
7
What is the tens digit of 1646?
4
What is the hundreds digit of 693?
6
What is the tens digit of 1477?
7
What is the ten thousands digit of 17102?
1
What is the tens digit of 23570?
7
What is the hundreds digit of 1016?
0
What is the thousands digit of 4197?
4
What is the units digit of 866?
6
What is the units digit of 900?
0
What is the thousands digit of 22762?
2
What is the hundreds digit of 730?
7
What is the thousands digit of 17621?
7
What is the thousands digit of 1063?
1
What is the units digit of 112718?
8
What is the hundreds digit of 3101?
1
What is the units digit of 5181?
1
What is the units digit of 20?
0
What is the tens digit of 2273?
7
What is the tens digit of 3380?
8
What is the hundreds digit of 60437?
4
What is the tens digit of 3566?
6
What is the units digit of 715?
5
What is the units digit of 22786?
6
What is the hundreds digit of 968?
9
What is the units digit of 27203?
3
What is the hundreds digit of 505?
5
What is the hundreds digit of 308?
3
What is the units digit of 4262?
2
What is the thousands digit of 7486?
7
What is the hundreds digit of 29060?
0
What is the hundreds digit of 1210?
2
What is the units digit of 771?
1
What is the hundreds digit of 4380?
3
What is the tens digit of 70542?
4
What is the hundreds digit of 5398?
3
What is the tens digit of 838?
3
What is the tens digit of 21811?
1
What is the thousands digit of 5733?
5
What is the thousands digit of 80839?
0
What is the thousands digit of 28993?
8
What is the units digit of 414?
4
What is the thousands digit of 3896?
3
What is the units digit of 881?
1
What is the tens digit of 1874?
7
What is the units digit of 1365?
5
What is the tens digit of 6522?
2
What is the tens digit of 3217?
1
What is the tens digit of 56104?
0
What is the ten thousands digit of 14320?
1
What is the hundreds digit of 1502?
5
What is the hundreds digit of 806?
8
What is the tens digit of 4074?
7
What is the units digit of 8388?
8
What is the hundreds digit of 38568?
5
What is the tens digit of 14590?
9
What is the hundreds digit of 3532?
5
What is the units digit of 37716?
6
What is the thousands digit of 2891?
2
What is the units digit of 97282?
2
What is the ten thousands digit of 30490?
3
What is the hundreds digit of 269?
2
What is the thousands digit of 28756?
8
What is the units digit of 16033?
3
What is the units digit of 2116?
6
What is the hundreds digit of 38716?
7
What is the units digit of 22392?
2
What is the units digit of 727?
7
What is the tens digit of 3187?
8
What is the units digit of 2790?
0
What is the hundreds digit of 1360?
3
What is the hundreds digit of 4341?
3
What is the hundreds digit of 186637?
6
What is the tens digit of 7417?
1
What is the tens digit of 142?
4
What is the thousands digit of 8747?
8
What is the units digit of 6602?
2
What is the tens digit of 124?
2
What is the tens digit of 66308?
0
What is the tens digit of 903?
0
What is the units digit of 8530?
0
What is the ten thousands digit of 74967?
7
What is the hundreds digit of 67991?
9
What is the units digit of 1572?
2
What is the ten thousands digit of 18351?
1
What is the thousands digit of 2551?
2
What is the units digit of 7181?
1
What is the tens digit of 28089?
8
What is the hundreds digit of 1015?
0
What is the hundreds digit of 35660?
6
What is the ten thousands digit of 70147?
7
What is the thousands digit of 1767?
1
What is the tens digit of 235?
3
What is the tens digit of 19735?
3
What is the thousands digit of 1993?
1
What is the tens digit of 22394?
9
What is the tens digit of 2136?
3
What is the units digit of 4722?
2
What is the units digit of 1393?
3
What is the tens digit of 2362?
6
What is the tens digit of 5529?
2
What is the units digit of 6946?
6
What is the ten thousands digit of 23187?
2
What is the thousands digit of 5090?
5
What is the ten thousands digit of 11050?
1
What is the tens digit of 2615?
1
What is the hundreds digit of 7344?
3
What is the units digit of 18627?
7
What is the hundreds digit of 1921?
9
What is the hundreds digit of 79858?
8
What is the units digit of 931?
1
What is the hundreds digit of 15257?
2
What is the hundreds digit of 397?
3
What is the tens digit of 544?
4
What is the units digit of 1174?
4
What is the hundreds digit of 1221?
2
What is the units digit of 4893?
3
What is the units digit of 11102?
2
What is the hundreds digit of 1181?
1
What is the units digit of 72275?
5
What is the thousands digit of 38140?
8
What is the units digit of 227?
7
What is the tens digit of 34865?
6
What is the ten thousands digit of 36396?
3
What is the ten thousands digit of 60027?
6
What is the thousands digit of 5616?
5
What is the thousands digit of 16678?
6
What is the hundred thousands digit of 154693?
1
What is the tens digit of 660?
6
What is the units digit of 10399?
9
What is the tens digit of 5943?
4
What is the units digit of 2666?
6
What is the hundreds digit of 766?
7
What is the thousands digit of 59220?
9
What is the ten thousands digit of 123934?
2
What is the thousands digit of 35564?
5
What is the hundreds digit of 36569?
5
What is the tens digit of 477?
7
What is the hundreds digit of 45735?
7
What is the tens digit of 1881?
8
What is the units digit of 671?
1
What is the